{"id":59,"date":"2023-11-14T16:15:03","date_gmt":"2023-11-14T15:15:03","guid":{"rendered":"https:\/\/giorgiclaude.com\/www\/wordpress\/?page_id=59"},"modified":"2025-02-23T13:10:35","modified_gmt":"2025-02-23T12:10:35","slug":"accueil","status":"publish","type":"page","link":"https:\/\/giorgiclaude.com\/","title":{"rendered":"Accueil"},"content":{"rendered":"\t\t<div data-elementor-type=\"wp-page\" data-elementor-id=\"59\" class=\"elementor elementor-59\">\n\t\t\t\t<div class=\"elementor-element elementor-element-f90a6ca e-flex e-con-boxed e-con e-parent\" data-id=\"f90a6ca\" data-element_type=\"container\" data-e-type=\"container\">\n\t\t\t\t\t<div class=\"e-con-inner\">\n\t\t\t\t<div class=\"elementor-element elementor-element-17cedf2 elementor-widget elementor-widget-image\" data-id=\"17cedf2\" data-element_type=\"widget\" data-e-type=\"widget\" data-widget_type=\"image.default\">\n\t\t\t\t<div class=\"elementor-widget-container\">\n\t\t\t\t\t\t\t\t\t\t\t\t\t\t\t<img fetchpriority=\"high\" decoding=\"async\" width=\"600\" height=\"338\" src=\"https:\/\/giorgiclaude.com\/wp-content\/uploads\/2023\/11\/Coulees.gif\" class=\"attachment-large size-large wp-image-719\" alt=\"\" \/>\t\t\t\t\t\t\t\t\t\t\t\t\t\t\t<\/div>\n\t\t\t\t<\/div>\n\t\t\t\t<div class=\"elementor-element elementor-element-fa24ffd elementor-widget elementor-widget-text-editor\" data-id=\"fa24ffd\" data-element_type=\"widget\" data-e-type=\"widget\" data-widget_type=\"text-editor.default\">\n\t\t\t\t<div class=\"elementor-widget-container\">\n\t\t\t\t\t\t\t\t\t<div class=\"page\" title=\"Page 1\"><div class=\"layoutArea\"><div class=\"column\"><p>Claude\u00a0GIORGI<span class=\"Apple-converted-space\">\u00a0<\/span>est un artiste ni\u00e7ois<span class=\"Apple-converted-space\">\u00a0<\/span>qui a toujours nag\u00e9 \u00e0 contre-courant des mouvements artistiques format\u00e9s.<\/p><p>Dans son jardin atelier du vallon des fleurs, il assemble<span class=\"Apple-converted-space\">\u00a0<\/span>ce que la mer et la nature lui offrent !<\/p><p>Le bronze<span class=\"Apple-converted-space\">\u00a0<\/span>coule sous les orangers\u00a0pour donner<span class=\"Apple-converted-space\">\u00a0<\/span>naissance \u00e0 des sculptures toutes uniques.<\/p><\/div><\/div><\/div>\t\t\t\t\t\t\t\t<\/div>\n\t\t\t\t<\/div>\n\t\t\t\t\t<\/div>\n\t\t\t\t<\/div>\n\t\t<div class=\"elementor-element elementor-element-c164f07 e-flex e-con-boxed e-con e-parent\" data-id=\"c164f07\" data-element_type=\"container\" data-e-type=\"container\">\n\t\t\t\t\t<div class=\"e-con-inner\">\n\t\t\t\t<div class=\"elementor-element elementor-element-cfecd9d elementor-widget elementor-widget-video\" data-id=\"cfecd9d\" data-element_type=\"widget\" data-e-type=\"widget\" data-settings=\"{&quot;youtube_url&quot;:&quot;https:\\\/\\\/youtu.be\\\/JlCZeuV0vqA&quot;,&quot;cc_load_policy&quot;:&quot;yes&quot;,&quot;video_type&quot;:&quot;youtube&quot;,&quot;controls&quot;:&quot;yes&quot;}\" data-widget_type=\"video.default\">\n\t\t\t\t<div class=\"elementor-widget-container\">\n\t\t\t\t\t\t\t<div class=\"elementor-wrapper elementor-open-inline\">\n\t\t\t<div class=\"elementor-video\"><\/div>\t\t<\/div>\n\t\t\t\t\t\t<\/div>\n\t\t\t\t<\/div>\n\t\t\t\t\t<\/div>\n\t\t\t\t<\/div>\n\t\t\t\t<\/div>\n\t\t","protected":false},"excerpt":{"rendered":"<p>Claude\u00a0GIORGI\u00a0est un artiste ni\u00e7ois\u00a0qui a toujours nag\u00e9 \u00e0 contre-courant des mouvements artistiques format\u00e9s. Dans son jardin atelier du vallon des fleurs, il assemble\u00a0ce que la mer et la nature lui offrent ! Le bronze\u00a0coule sous les orangers\u00a0pour donner\u00a0naissance \u00e0 des sculptures toutes uniques. https:\/\/youtu.be\/JlCZeuV0vqA<\/p>\n","protected":false},"author":1,"featured_media":0,"parent":0,"menu_order":0,"comment_status":"closed","ping_status":"closed","template":"elementor_theme","meta":{"footnotes":""},"class_list":["post-59","page","type-page","status-publish","hentry"],"_links":{"self":[{"href":"https:\/\/giorgiclaude.com\/index.php?rest_route=\/wp\/v2\/pages\/59","targetHints":{"allow":["GET"]}}],"collection":[{"href":"https:\/\/giorgiclaude.com\/index.php?rest_route=\/wp\/v2\/pages"}],"about":[{"href":"https:\/\/giorgiclaude.com\/index.php?rest_route=\/wp\/v2\/types\/page"}],"author":[{"embeddable":true,"href":"https:\/\/giorgiclaude.com\/index.php?rest_route=\/wp\/v2\/users\/1"}],"replies":[{"embeddable":true,"href":"https:\/\/giorgiclaude.com\/index.php?rest_route=%2Fwp%2Fv2%2Fcomments&post=59"}],"version-history":[{"count":97,"href":"https:\/\/giorgiclaude.com\/index.php?rest_route=\/wp\/v2\/pages\/59\/revisions"}],"predecessor-version":[{"id":2513,"href":"https:\/\/giorgiclaude.com\/index.php?rest_route=\/wp\/v2\/pages\/59\/revisions\/2513"}],"wp:attachment":[{"href":"https:\/\/giorgiclaude.com\/index.php?rest_route=%2Fwp%2Fv2%2Fmedia&parent=59"}],"curies":[{"name":"wp","href":"https:\/\/api.w.org\/{rel}","templated":true}]}}